9 and 133.
133
Calculate the highest common divisor of 6014655 and 180.
45
Calculate the highest common factor of 808788 and 132.
12
Calculate the greatest common divisor of 39 and 140937.
3
Calculate the greatest common divisor of 1040 and 40722944.
16
Calculate the highest common factor of 5720 and 27563250.
1430
Calculate the greatest common factor of 85679 and 1188.
11
Calculate the highest common factor of 12202614 and 55332.
954
Calculate the greatest common factor of 267600 and 11061915.
3345
Calculate the highest common factor of 22423069 and 2258.
1129
What is the greatest common factor of 574525 and 7236?
67
Calculate the highest common factor of 226683564 and 488.
244
Calculate the highest common divisor of 3352836 and 1736.
124
Calculate the highest common divisor of 165757 and 10998779.
5347
What is the highest common factor of 20 and 54778070?
10
What is the highest common divisor of 549817540 and 20?
20
Calculate the greatest common divisor of 709207 and 5149.
271
What is the highest common divisor of 826808 and 55748?
724
What is the greatest common divisor of 83300 and 8398306?
1666
Calculate the highest common factor of 1552 and 68284.
4
Calculate the greatest common divisor of 5008 and 14769218.
626
Calculate the greatest common factor of 408934 and 2050.
82
What is the highest common factor of 1875 and 943050?
75
What is the highest common divisor of 205183 and 235543?
253
Calculate the highest common factor of 325521144 and 4056.
312
Calculate the greatest common factor of 8523 and 18351.
9
Calculate the greatest common divisor of 9074 and 1868197.
349
Calculate the greatest common divisor of 14602 and 22823969.
1043
Calculate the greatest common divisor of 40376 and 1515542.
1442
Calculate the highest common divisor of 8541 and 25181715.
2847
What is the highest common factor of 38425618 and 70?
14
What is the highest common factor of 5748 and 1850758284?
5748
Calculate the greatest common divisor of 7371449 and 19.
19
What is the greatest common divisor of 127370 and 26558?
542
What is the highest common factor of 72 and 8181302?
2
What is the greatest common divisor of 436639 and 3591?
133
Calculate the highest common divisor of 455570959 and 23.
23
Calculate the highest common factor of 5188309 and 7.
7
Calculate the highest common divisor of 31047 and 153813.
237
What is the highest common divisor of 5805250 and 286?
22
What is the highest common divisor of 9260 and 45140?
20
What is the greatest common divisor of 23340 and 1452864?
12
What is the highest common factor of 55 and 23435423?
11
What is the highest common divisor of 408 and 18147336?
24
What is the greatest common factor of 505552134 and 4904?
1226
What is the greatest common factor of 1323984 and 984?
24
What is the highest common divisor of 34893158 and 76?
38
What is the greatest common divisor of 8464828 and 552?
92
What is the greatest common factor of 20149486 and 28?
14
Calculate the highest common divisor of 32194976 and 264.
88
Calculate the highest common divisor of 2138823073 and 37.
37
What is the greatest common divisor of 1808882 and 78?
2
Calculate the greatest common divisor of 4961814 and 195.
39
Calculate the greatest common divisor of 405 and 385143.
3
What is the greatest common factor of 971080 and 44792?
88
Calculate the greatest common divisor of 116216 and 1636.
4
Calculate the highest common factor of 3264358 and 10.
2
What is the highest common divisor of 2187 and 6164424?
729
What is the highest common divisor of 291601 and 1734?
289
What is the highest common divisor of 98855 and 169439?
17
Calculate the highest common divisor of 28499007 and 3.
3
What is the highest common factor of 21038567 and 808830?
8987
What is the greatest common factor of 56083527 and 1332?
333
What is the highest common divisor of 12936 and 13174392?
1848
What is the greatest common divisor of 15438849 and 12384?
129
Calculate the greatest common factor of 12557200 and 32800.
400
What is the greatest common divisor of 23850 and 5079150?
450
Calculate the greatest common divisor of 260226 and 4209.
183
What is the greatest common factor of 111918 and 121578?
138
Calculate the greatest common divisor of 108 and 9240996.
12
What is the greatest common factor of 5682015 and 4995?
135
What is the greatest common factor of 2160 and 28493640?
1080
Calculate the highest common divisor of 84 and 87872442.
42
What is the greatest common divisor of 2448856 and 680?
8
What is the highest common divisor of 3214 and 21792527?
1607
What is the greatest common factor of 906 and 44437186?
302
Calculate the highest common divisor of 2471401 and 4747.
47
What is the highest common factor of 35478 and 150417?
243
Calculate the greatest common divisor of 9810606 and 273.
39
Calculate the highest common divisor of 1616 and 1811053624.
808
Calculate the greatest common factor of 1068 and 4778460.
12
Calculate the highest common factor of 20 and 3087460.
20
Calculate the highest common divisor of 350 and 437854.
2
Calculate the greatest common divisor of 2633136 and 8976.
528
Calculate the highest common factor of 299 and 16187782.
13
Calculate the highest common divisor of 50585724 and 7812.
252
Calculate the greatest common factor of 3680 and 359470.
10
What is the highest common factor of 26315138 and 20912?
2614
Calculate the greatest common factor of 534813 and 61194.
141
Calculate the highest common factor of 831 and 2686.
1
Calculate the highest common divisor of 1685 and 3365956.
337
What is the greatest common factor of 48 and 84206508?
12
What is the greatest common divisor of 3798200 and 650?
50
Calculate the highest common divisor of 612 and 909704.
68
What is the highest common factor of 151003888 and 224?
112
What is the greatest common divisor of 5100 and 70482?
102
Calculate the highest common divisor of 446 and 59280313.
223
Calculate the highest common factor of 371034729 and 26.
13
Calculate the highest common divisor of 112002600 and 48.
24
What is the highest common divisor of 9657 and 212833842?
3219
What is the highest common factor of 1315 and 4888381?
263
What is the greatest common divisor of 299 and 59054593?
299
What is the greatest common factor of 33885 and 6750?
135
Calculate the greatest common divisor of 7788324 and 1455.
291
Calculate the highest common factor of 271764173 and 227.
227
What is the highest common divisor of 2696367 and 13206?
213
Calculate the highest common divisor of 65 and 1021579.
13
Calculate the greatest common factor of 1332598 and 1206280.
1138
Calculate the highest common factor of 56368968 and 84.
12
What is the greatest common divisor of 60084 and 348156?
36
Calculate the highest common divisor of 199629 and 3321.
369
Calculate the greatest common factor of 2684744 and 31096.
184
Calculate the highest common divisor of 4004 and 352725373.
1001
Calculate the highest common factor of 2580 and 733940.
20
Calculate the greatest common factor of 70 and 77654535.
35
Calculate the highest common factor of 2727 and 19440783.
2727
What is the greatest common divisor of 2502771 and 13?
1
Calculate the greatest common factor of 907266 and 66.
6
Calculate the greatest common divisor of 3419 and 11726381.
263
Calculate the greatest common factor of 333 and 498429.
9
What is the highest common factor of 30189 and 8711088?
1041
Calculate the greatest common divisor of 17874059 and 3214526.
10787
Calculate the highest common divisor of 48257 and 142417.
1177
Calculate the highest common factor of 36860 and 336607363.
1843
Calculate the greatest common factor of 2179328272 and 18848.
9424
Calculate the greatest common factor of 605244 and 212.
4
Calculate the greatest common factor of 22 and 233171323.
11
Calculate the greatest common factor of 2583 and 224175987.
2583
What is the highest common divisor of 4207112 and 728?
728
Calculate the greatest common divisor of 50368 and 8.
8
Calculate the highest common divisor of 204 and 8248536.
204
What is the greatest common factor of 1112 and 45893213?
139
Calculate the greatest common divisor of 5 and 11664794.
1
What is the greatest common divisor of 12687 and 14019?
3
What is the highest common factor of 1136295 and 1881?
171
Calculate the greatest common factor of 4796 and 83831